
Suppose -12*f + 7*f = -4*j + 331, 2*f = -2*j + 170. What is the units digit of j?
4
Let u be (1/(-2))/(7/(-112)). Let a(k) = -k**3 + 8*k**2 + 2*k + 8. Let s be a(u). Let g = s - 22. What is the units digit of g?
2
Suppose -2*f - 4*n = -7848, 3*f - 8730 = 3*n + 3069. What is the tens digit of f?
3
Let f be 5/(-7) + (30/35)/(-3). What is the tens digit of (-172)/(-3 + 2 + f)?
8
Let o = -5 - -9. Suppose 5*n = 4*a + 23, -3*n + o = n + 4*a. Suppose -n*d + 8*d - 170 = 0. What is the units digit of d?
4
Suppose 5816 = 2*j - 2*y, 110*y + 8704 = 3*j + 111*y. What is the hundreds digit of j?
9
Suppose 0 = 2*h - h - 93. Let q(w) = 2*w**2 + h*w + 3 - 92*w - 3*w**2. What is the units digit of q(0)?
3
Suppose 18*h - 206 - 118 = 0. Suppose -j = 2*j - h. What is the units digit of j?
6
Suppose 4*y + 3 = -m - 2, 0 = 3*y. Let b be 2/(6/(-1185)*m). Let d = -31 + b. What is the units digit of d?
8
Let w = -245 - -1620. What is the units digit of w?
5
Let v(p) = -p**2 + 12*p - 1. Suppose 23*j + 54 = 26*j. Let c(a) = -a**2 + 18*a + 10. Let w be c(j). What is the tens digit of v(w)?
1
Let p(n) be the third derivative of 0 + 0*n - 1/6*n**4 + 8/3*n**3 - 9*n**2. What is the units digit of p(-7)?
4
Suppose 1736 = 5*f + 4*h, 2*h + 693 + 5 = 2*f. Let q = 40 - 12. Suppose -5*y - q = -f. What is the tens digit of y?
6
Let m(w) be the third derivative of w**4/12 - w**3 - 16*w**2. Suppose 5*n + s = 34, 0*n - n + s + 8 = 0. What is the units digit of m(n)?
8
Let m(g) = 2*g**2 + 2*g - 3. Let j be m(-4). Let b(r) = -r**2 - 4*r + 6. Let u be b(-7). Let l = j + u. What is the units digit of l?
6
Suppose -k + 2507 = -3*s, 2*s = -2*k + k + 2512. What is the thousands digit of k?
2
What is the units digit of (-112528)/(-52)*(-2)/(-2 + -6)?
1
Suppose 2*m = 5*m + 2*f + 41, 5*m - 5*f + 35 = 0. Let a(i) = -29*i - 10. Let r be a(-3). Let v = m + r. What is the units digit of v?
6
Let h = 13 - 10. Let c be (-11)/(11/12) + h. Let x = 33 - c. What is the tens digit of x?
4
Let d(h) = h**2 - 6*h + 6. Let x be d(4). Let w(z) be the first derivative of -z**4/2 - z**3 - 2*z**2 - 2*z + 1. What is the tens digit of w(x)?
1
Let i(y) = -37*y - 559. What is the units digit of i(-30)?
1
Suppose 0 = -2*g - 0*g + 3*u + 1101, 5*g = 5*u + 2750. What is the units digit of g?
9
Suppose -2*j = -2*s - 12, 2*j = -4*s - 0*s - 6. Let o(w) = 3 + 3*w + w**2 - 1 - j. What is the tens digit of o(-6)?
1
Let p(h) = 458*h - 172. What is the hundreds digit of p(5)?
1
Suppose 14*k - 27421 - 10113 = 0. What is the thousands digit of k?
2
Let f = -12 + 15. Suppose -f*y - 36 = -7*y. What is the units digit of y?
9
Let q(d) = -132*d - 47. What is the hundreds digit of q(-4)?
4
Let j = -8 - -29. Suppose 4*f = h + j, 3*h - 5*f + 75 = -2*h. Let z = h + 61. What is the tens digit of z?
4
Suppose 0 = -63*z + 25*z + 18620. What is the hundreds digit of z?
4
What is the hundreds digit of -3 + (12 - 16) + (-1 - -931)?
9
Suppose 3096 = 5*w + 3*z, -6*w + 2464 = -2*w - 4*z. What is the tens digit of w?
1
Let q(m) = -m**2 + 7*m + 22. Let i be q(15). Let p = i - -293. What is the units digit of p?
5
Let c be (62/(-6))/((-1)/3). Let t = c + -1. Let k = 3 + t. What is the units digit of k?
3
Suppose 0 = 3*x, 5*l + 5*x = 4*l + 34. Let i = l - 31. Suppose -4*s + 275 = -i*g, -4*s = -4*g + 69 - 349. What is the units digit of s?
5
Let j(a) = 30*a**2 + 45*a + 1. What is the thousands digit of j(-8)?
1
Let f = 12 + -8. Suppose 3*n + f = 19. Suppose 5*b - 28 = 2*r + 129, n*b = 5*r + 160. What is the units digit of b?
1
Let q = 2244 + -1202. What is the units digit of q?
2
Let d(m) = -62*m - 126. What is the units digit of d(-16)?
6
What is the units digit of -3 + 1 + (11 - 10) + 823?
2
Let h(g) = 4*g**2 + g - 2. What is the units digit of h(-10)?
8
Suppose -106 = 3*y + 53. Let h = y + 62. What is the units digit of h?
9
Let j(f) = -f**3 - 8*f**2 + 5. Let t be j(-8). Suppose 0*b + t*b - 5 = 0. Suppose -b = -r + 6. What is the units digit of r?
7
Let c = 1714 - 988. What is the hundreds digit of c?
7
Let d(q) = 10*q**2 - 6*q - 7. Let r(z) = -11*z**2 + 7*z + 8. Let j(i) = 7*d(i) + 6*r(i). What is the tens digit of j(7)?
9
Let i(m) = m**3 + 11*m**2 + 12*m + 3. Let h be i(-10). Let f be 102/4 - (-2)/(-4). Let b = f + h. What is the units digit of b?
8
Let a(p) = p**3 + 7*p**2 - 10*p - 12. Let q be a(-8). Let x be -2 - (-390)/(12/q). Let f = -81 + x. What is the tens digit of f?
4
Let l(i) = 10 + 4*i**3 + 6 + 57*i**2 - 26*i**2. What is the units digit of l(-7)?
3
Suppose -61*h = -53251 - 118891. What is the hundreds digit of h?
8
Let o(u) = 3722*u**2 + 10*u - 9. What is the thousands digit of o(1)?
3
Suppose -5*d + 336 = d. Let b = d + -34. What is the units digit of b?
2
Suppose m + 3*n = 70, 4*m + 4*n + 147 = 419. Suppose -2*z - 25 = -m. What is the tens digit of z?
2
Let p(y) = 16*y + 4. Let s be 88/10 + 8/(-10). Suppose 0 = 3*f + f - s. What is the tens digit of p(f)?
3
Suppose 5*p + 32 = 2*l + 12, -3*l = 3*p + 33. What is the tens digit of ((p/(-7))/1)/(3/336)?
9
Let f = 331 - 257. What is the units digit of f?
4
Suppose s - 133 = 5*u, -4*s - 3*u + 147 = -454. What is the tens digit of s?
4
Let x = 25 - 23. Suppose -5*p + 5 = c, -x*c - 54 = -7*c + 4*p. What is the units digit of c?
0
Let b = -22 + 23. What is the units digit of (b/(-2) + -1)/((-6)/220)?
5
Suppose -3*p - 1130 = -5*i, -201 = 4*i + p - 1105. What is the units digit of i?
6
Let v(d) = -36*d - 64. What is the units digit of v(-11)?
2
Let c(u) = u + 10. Let s be c(8). Suppose 4*q + 4*w - s = 38, -3*q = -4*w - 70. What is the tens digit of q?
1
Let y = 103 + 143. What is the hundreds digit of y?
2
Suppose 12 = -n + 17. What is the units digit of n + (-13 - -4)*-23?
2
Suppose -9047 + 2987 = -4*k + q, -2*k - 2*q = -3040. What is the hundreds digit of k?
5
Let m(n) = -6 + n**2 + 9 - n + 4. Let c = 10 + -5. What is the units digit of m(c)?
7
Let j(c) = -6*c + c**2 - 173 + 0*c**2 + 179. What is the tens digit of j(9)?
3
Let p = -2386 + 4241. What is the thousands digit of p?
1
Let t = 49 - 47. What is the units digit of (8 + -7)/((-1)/(-292)*t)?
6
Let c(y) = y**3 - y**2 + 4*y + 1. Let t be c(-2). Let m = -8 - t. What is the units digit of m?
1
Let m be (-32)/(-12)*3/4. Suppose -n + 2*n - m*o = 4, 4*o = -2*n - 32. Let l(p) = p**2 + 3*p - 7. What is the tens digit of l(n)?
1
Suppose 0 = -43*g + 27*g + 61616. What is the hundreds digit of g?
8
Let z = 8 + -10. Let j be (0 + 0 - -10)/z. Let o(s) = -3*s + 6. What is the tens digit of o(j)?
2
Let l = 1206 + -149. What is the tens digit of l?
5
What is the hundreds digit of (16/24)/(2/4575)?
5
Let t(c) = c**2 + 5*c + 5. Let m = 17 + -21. What is the units digit of t(m)?
1
Suppose 27*g - 57692 = 24739. What is the thousands digit of g?
3
Let n = -16 + 160. Suppose -n = -3*y - 3*q, 2*y + 4*q - 105 = -q. What is the units digit of y?
5
Let k(p) = -42*p - 6. Let w = 30 - 32. What is the tens digit of k(w)?
7
Let i = 32 + -12. What is the units digit of (25/i)/((-4)/(-304))?
5
Let k(c) = -c**2 + 11*c + 10. Let v(g) = -g**2 + 10*g + 9. Let r(b) = 3*k(b) - 2*v(b). Let n be r(8). What is the units digit of n/((-3 - -6) + -1)?
6
Let a(g) = 2*g**2 + 9*g + 1. Let p be (-5 + 3)/(2/7). What is the units digit of a(p)?
6
Suppose 2*y + 14 = a, -2*y = -4*y - 10. Suppose a*b + 8*b - 1116 = 0. What is the units digit of b?
3
Suppose 261*c = 253*c + 24512. What is the hundreds digit of c?
0
Suppose -2*y = 5*a - 2369, a - 3*y - 133 = 351. What is the units digit of a?
5
Let z be 31/2 - (-2)/4. Let l be (1 - -26)*(-8)/(-24). Suppose -b + z = -l. What is the units digit of b?
5
Let w(q) = q**3 + 5*q**2 - 1. Let z = 6 + -10. Let j be w(z). Suppose j + 2 = d. What is the units digit of d?
7
Suppose q + 3537 - 364 = 3*d, -2*d + q + 2114 = 0. What is the hundreds digit of d?
0
Let d = 6474 + -4504. What is the tens digit of d?
7
Let h = 29 + -16. Let x = -494 - -508. Suppose x*l - h*l = 26. What is the units digit of l?
6
Let b = 8 + -6. Suppose -b*c - p = -77, -c + 49 = -0*c - 3*p. Suppose -c = 3*t - 136. What is the tens digit of t?
3
Suppose -5*p = -p - 3*s - 1880, -3*p = -5*s - 1421. What is the tens digit of p?
6
Let f(s) = -5*s - 19. Let q be f(-14). Let l = q + -76. What is the tens digit of (-3 - l) + 0/(-4)?
2
Let q = -25 + 28. Let a(z) = -2 - q*z + 10*z**2 - 